, -15 = -3*q. Let r(x) = -2*x - 12. Let o be r(-8). What is the tens digit of o/p + 440/36?
1
Let z = 4 + 7. Suppose -y - 9 = -5*n - 2, 4*n = 5*y + 35. Let q = z + y. What is the units digit of q?
4
What is the units digit of (-27)/(-9)*1*11?
3
Let f(q) = 5 + 12*q**2 - 2 + 0 - q**3. Let r = 11 - -1. What is the units digit of f(r)?
3
Suppose -v - 3*v = -8. Let y be v/(-3) + 8/3. Suppose 20 = -y*z + 7*z. What is the units digit of z?
4
Let p = -10 - -1. What is the tens digit of (p/27)/((-1)/33)?
1
Let u = 4 + -7. Let g(i) = -6*i + 2*i + 1 - i. What is the tens digit of g(u)?
1
Let o be -2 - -2 - (-50 - 2). Suppose -3*z - o = 20. Let j = 41 + z. What is the tens digit of j?
1
Let t(i) = i - 5. Let v be t(-7). Let g = v + 18. Suppose 3*y + 4*d = 36, -2*d + 0*d = -g. What is the units digit of y?
8
Suppose -4*q - 2 = -2*q. What is the units digit of (q/3)/((-1)/33)?
1
What is the units digit of (0 - -1)/(7/84)?
2
Suppose -u = -3 - 1. Suppose 2*l - u*l = -30. Suppose z + 10 = 3*z, -4*z + l = -5*b. What is the units digit of b?
1
What is the tens digit of (2 - -2)/(2/8)?
1
Let l be (-1 - 27)*1/2. Let r = 25 + l. Let d(v) = v**2 - 11*v + 2. What is the units digit of d(r)?
2
Suppose -a + 6 = 2. Suppose j - 14 = a. What is the units digit of j?
8
Suppose -2*z = 52 - 208. What is the units digit of z?
8
Let i be (-2)/((-2)/(-2)) - -4. Suppose 2*b = f - i*b - 9, 4*b = 5*f - 93. What is the units digit of f?
1
Let p(o) = -o**3 + 8*o**2 - 9*o + 10. Let k be p(7). Let s = k - -3. What is the units digit of ((-1)/(-1)*s)/(-1)?
1
Let y(f) be the second derivative of 9*f**5/20 - f**4/6 + f**3/6 + f. Let j(k) = k**3 + 3*k**2 - 3*k + 5. Let t be j(-4). What is the units digit of y(t)?
8
What is the tens digit of (736/(-40))/((-1)/((-10)/(-4)))?
4
Let k be (-6)/(-30) + 14/5. Suppose -k*v = -66 + 12. What is the units digit of v?
8
Suppose m + 3*v - 26 = 0, -m - 6*v + 16 = -v. What is the units digit of m?
1
Suppose 0 = k - 4*r - 92 + 3, 2*k + 4*r - 154 = 0. What is the units digit of k?
1
Suppose 0 = 2*j - c + 8, -3*j - 2 + 1 = 4*c. What is the units digit of -5*4/3*j?
0
Let q = 620 + -342. What is the hundreds digit of q?
2
Let j(v) = 22*v**2 + v - 2. What is the units digit of j(3)?
9
Let q(p) = p**2 - 4*p + 10. What is the tens digit of q(6)?
2
Suppose 2*y = 4, -p - 6*y = -2*y - 8. Suppose -2*u + 6 = p, 2*u - 29 = 2*q - 3*q. Suppose 2*o - a + 0*a = q, 5*a = -5*o + 95. What is the tens digit of o?
1
What is the units digit of 2 - (-2)/((-8)/(-212))?
5
Let t(d) be the second derivative of -d**5/20 - d**3/6 + 9*d**2/2 + d. What is the units digit of t(0)?
9
Let y(b) = -b**3 + 9*b**2 - 6*b - 11. Let j be y(8). Suppose 0 = -j*p + 4*p + 11. What is the units digit of p?
1
Suppose -4*g = 2*y - 6, 4*g + y + 4 = 7. Suppose -2*z + g*z = 52. Let w = -18 - z. What is the units digit of w?
8
Suppose 0 = 4*d + d - 60. Suppose d + 3 = 3*n. Suppose 0 = -w + 5*i - 11, 0*i - 41 = -n*w + i. What is the units digit of w?
9
Suppose 0 = -3*m + 12, -x + 10 + 9 = -3*m. Let g = -23 + x. What is the units digit of g?
8
Let i(w) = w**3 - 11*w**2 + 10*w + 2. What is the units digit of i(10)?
2
Suppose 4*b = -2*v + 4, -2*v + v + 2 = -2*b. Suppose -4*n = -3*g - 158, b = 3*n - 3*g - 0 - 120. Let c = n - 22. What is the tens digit of c?
1
Let v = 18 + -22. What is the tens digit of v/14 - 384/(-21)?
1
Let y(k) = -k - k + 3*k**3 + k - k - 1. What is the units digit of y(2)?
9
Let c be 1/1*(-1 + 4). Suppose 4*b - c*i - 5 = 7, 4*i = 16. What is the units digit of b?
6
What is the hundreds digit of 8/(-20) - (1 + (-2268)/20)?
1
Suppose 5*c - 22 - 48 = 0. What is the units digit of c?
4
Let v = -18 - -33. Let k = 21 - v. What is the units digit of k?
6
Suppose 8*z - 40 = 32. What is the units digit of z?
9
Let z = 868 - 517. What is the units digit of z?
1
Let d = -22 - -109. Let c = -60 + d. What is the tens digit of c?
2
Suppose 0*k + 3*w = -2*k + 122, -2*k + w = -138. Let x = k - 46. What is the units digit of x?
1
Let j = 23 - -122. What is the hundreds digit of j?
1
Let y = -168 + 289. What is the units digit of y?
1
Let s(o) = o + 7. Suppose i = -0*i + a + 4, -4*i = 4*a - 16. Let g be 18/i - (-1)/2. What is the units digit of s(g)?
2
Let r = -371 + 633. What is the hundreds digit of r?
2
Let o(r) = -r**2 + 12*r - 7. Let v(s) = s**2 - 11*s + 6. Let w(t) = -3*o(t) - 2*v(t). Let l be w(7). What is the units digit of 3/(-2)*l/12?
5
Let q be 0 - 1 - (4 - 5). Let v be 2 + q + (-3 - -11). What is the units digit of (v/(-25))/((-2)/40)?
8
Let q = 25 + -13. Let a = q + -5. Let m(f) = f + 2. What is the units digit of m(a)?
9
Suppose -5*u + 5*n + 16 = -9, 4*u - 2*n - 20 = 0. Suppose -u*m = -2*m - 75. Let c = m - 12. What is the tens digit of c?
1
Suppose -5*a = -3*w + 4, 4*w + 7 = -2*a + 21. Suppose 0 = -w*g - 5*d + 66, -2*d = 3*g - 0*g - 66. What is the units digit of g?
2
What is the tens digit of (-3)/21*0 - 430/(-2)?
1
Let c(n) = -3*n. Let i be c(3). Suppose 2*v = -5*t, 0 = -2*v - t + 2*t - 12. Let f = v - i. What is the units digit of f?
4
Suppose -576 = -4*g + 2*w, 25*g - 5*w - 576 = 21*g. What is the hundreds digit of g?
1
Suppose -5*q + 288 = -2*o + 3*o, -3*o - 6 = 0. Suppose 3*z - 5*b - q = 5, -73 = -4*z + 3*b. What is the units digit of z?
6
Suppose 0 = 4*g + 4*x - 0*x, 4*g = 4*x + 24. Suppose -g*b + 76 + 80 = 0. What is the units digit of b?
2
Suppose 3*p - 1160 - 52 = 0. What is the units digit of p?
4
What is the tens digit of (12/(-6) - 18)*(2 - 3)?
2
Let a(x) = 10*x - 2. What is the units digit of a(7)?
8
Let a = -6 - -10. Suppose 2 = a*f + 3*k + 12, f - 5*k = 9. Let c = 2 + f. What is the units digit of c?
1
Let u(y) be the second derivative of y**5/60 + y**4/4 + 7*y**3/6 - y**2/2 + y. Let v(g) be the first derivative of u(g). What is the units digit of v(-5)?
2
Suppose 4*t = 3*t + 6. What is the units digit of (-16)/6*(-9)/t?
4
Suppose -4*c + 7*c = 246. What is the tens digit of c?
8
Suppose -56*y = -51*y - 1245. What is the tens digit of y?
4
Let b(j) = 11*j - 6. Let u be b(4). Let o = -16 + u. What is the units digit of o?
2
Let f(j) = -j**2 - 13*j + 14. What is the tens digit of f(-11)?
3
Let x = 6 + 2. Suppose -5*f + x = -67. What is the units digit of f?
5
Suppose 0 = -4*g - 3*d + 68, -3*g = -5*d - 101 + 21. Let x = g - 19. What is the units digit of x?
1
Suppose 0*v + 3*v - 13 = y, -29 = -5*v - 2*y. What is the units digit of (-3)/v - 38/(-5)?
7
Suppose 0 = -5*b - 40 + 5. Let n = b + 10. Suppose n*p - 40 = -2*p. What is the units digit of p?
8
Let j = 85 - 29. What is the units digit of j?
6
Suppose -j - 4*j + 80 = 0. What is the units digit of j?
6
Let g be (4/(-4))/(-2 + 1). Suppose 6 = 5*y + g. What is the units digit of y?
1
Let y(r) = -r + 0*r + 4 + 0*r - r. What is the units digit of y(-5)?
4
Suppose -11 = -5*g + 39. What is the units digit of g?
0
Suppose o - 4 = -3*o. Let v = o - 2. What is the units digit of (3 + -5)*v/2?
1
Suppose 5*g + 2*v = 646 - 70, -4*g - 3*v + 458 = 0. What is the units digit of g?
6
What is the hundreds digit of (-75546)/(-234) + 1/(13/2)?
3
Let a(x) = -x**2 - 2*x. Let l be a(-5). Let k = l - -32. What is the units digit of k?
7
Let p(i) = 5*i**2 + 36*i - 24. Let c(r) = -2*r**2 - 12*r + 8. Let w(j) = 8*c(j) + 3*p(j). Let t be w(8). Suppose -5*s + t = -s. What is the units digit of s?
6
What is the units digit of 2*(-4)/(-12)*9/2?
3
Let t be ((-6)/4)/((-5)/(-10)). Let a(s) = -2*s + 3. What is the units digit of a(t)?
9
Let p = -10 + -4. Let k = 7 - 12. Let q = k - p. What is the units digit of q?
9
Let q(n) = -n**3 - 3*n**2 + 6*n - 3. Let v be q(-5). Suppose 0 = -2*a + 5*p - v + 52, -56 = -4*a - 4*p. What is the tens digit of a?
1
Suppose -45 = -3*b + 9. Suppose 4*s + b = -z, -z - 4*z = s + 14. What is the units digit of (14 + z)*2/3?
8
Let a be ((-3)/6)/(5/(-60)). What is the units digit of 36 - (-1)/2*a?
9
Let i = 0 - -2. Suppose 0 = 5*r + i*w - 36, -1 = -w + 2. Suppose 0 = -2*c - 2 + r. What is the units digit of c?
2
Let z = -23 + 24. What is the units digit of z?
1
Suppose -9*v + 7*v - 8 = 0. Let w(y) = 0 - 3 + 2 - y. What is the units digit of w(v)?
3
Let b be 1 - (-2 - (1 - 1)). What is the units digit of 21 + -1*(b + -2)?
0
Suppose 2*w = -0*w. Suppose -3*n - n + 92 = w. What is the units digit of n?
3
Let u(j) = j**2 + 7*j + 5. Let